 -3)
-37
Calculate -34 + ((1 - 5) + 3 - -5) + -2 + -3.
-35
-1265 - -1301 - (-2 + 3 + (-1 - 1) + 2)
35
What is the value of (3 + 61 - (-3 - 5)) + -3 - (3 - 10)?
76
Evaluate 56 - (-19 + (-17 - -9) + -4 + 28).
59
81 + -69 - (-52 - (-6 + 4 + 3))
65
What is the value of (1 - (2 - (12 - 1))) + (-54 + 41 - -33)?
30
What is the value of 35 + (-5 + -8 - (-21 - 7))?
50
2 + -104 + (-4 + 5 - -15) + 2 + -16
-100
-53 - (-97 + 95 - (17 - 2))
-36
Calculate -18 + (-5 - (11 + (-40 - -20))).
-14
30 + -2 + -50 + -4 - 15
-41
What is the value of (45 - 2 - (42 - (60 + -35))) + 18?
44
(-39 - -67) + 33 + -119
-58
1 + 1 - -4 - (-47 + 37 - -30)
-14
What is the value of 45 - (-62 + (14 - -118))?
-25
6 - ((34 - 12) + -61)
45
What is (38 - 0) + -15 + (134 - 137)?
20
Calculate 21 + 0 + -111 + 114 - 27.
-3
Evaluate 19 + (-13 - (70 + -45)).
-19
-48 - (-33 - 43) - 66
-38
-1 + 0 + (-42 - (103 - 127))
-19
What is 41 + -68 - (11 + -46 + 0)?
8
Calculate -8 - -2 - -29 - (-458 - -444).
37
Evaluate (-64 - -15 - -125) + (-28 - 0).
48
-169 + (-119 - -199) + 30
-59
-1733 + 1758 - (-4 + 2 + 1)
26
(-13 - 4 - -3) + -25 + 3 + 93
57
What is the value of 39 - (29 + -73 + 55)?
28
What is the value of 0 + -43 - (3123 + -3153 + 16 + -1)?
-28
Calculate 85 - ((9 - 43) + 87).
32
What is the value of (-15 - -9) + (-7 - (2 - 9)) + 7?
1
Calculate 16 + (-24 - 24 - -36) - -21.
25
What is the value of (-17 - -16) + (-4 - -7 - 9) + 12?
5
What is the value of -11 + 4 + -29 + -12 - (-12 - 1)?
-35
Evaluate (0 - 37 - (28 - 51)) + (16 - 3).
-1
Evaluate 0 - -6 - (-8 - ((3 + 13 - -14) + -1)).
43
What is the value of -10 - (5 + (18 - -16 - 5))?
-44
What is the value of 134 + -6 - (886 - 813)?
55
Evaluate (123 - 174) + (-11 - -13).
-49
Calculate (0 - 6) + -81 + (8 - -45) + -28.
-62
Evaluate -4 - ((-1 - -11) + (50 - 61) - (-129 - 6)).
-138
(1 - 2) + 21 - (-7267 - -7367)
-80
Evaluate 0 + 2 + -45 + (3934 - 3873).
18
-100 + 81 + 73 + -25 + -1
28
Calculate (-99 - -96) + (1 - 20) - 40.
-62
What is (-38 - (-4 - 25)) + 3 + -9?
-15
Evaluate -36 + (41 + -12 - 24).
-31
What is the value of -50 - 1 - (323 + -133 + -181)?
-60
Evaluate -2 - -20 - (29 - (-34 - -55)).
10
What is the value of 17 - (-7 + 7 + -2) - -32?
51
What is -87 + 199 + -139 + 106?
79
Evaluate -14 + -11 + 12 + 14 + -13 - 15.
-27
What is (77 - 55) + 92 + -87?
27
Evaluate (30 - 39) + -17 + 131 - 16.
89
What is the value of -56 + 61 + 12 + (16 - 1)?
32
Calculate (-6 - (6 + -62)) + -34 + -27.
-11
Evaluate 59 - 73 - (-12 + -20 + 12).
6
Evaluate 44 - (45 + -70 + 47).
22
Evaluate (-14 - -1) + (-3 + -1 - (229 + -236)).
-10
What is 13 + -6 - (33 + 5 + 10)?
-41
What is the value of (-37 - -2) + (-553 - -554)?
-34
Calculate -8 + 43 + -13 + 31.
53
Calculate 107 - (145 - 78) - 64.
-24
What is 33 - (-78 - (-2 - 140))?
-31
Calculate (24 - (-3 + 7)) + (-1 - (-10 + -3)).
32
Evaluate (151 - 59) + 1 + -51.
42
What is -39 + -14 + (674 - 703)?
-82
Calculate -145 + 79 - (-20 + 3).
-49
What is the value of 19 + (-20 + -2 - -6 - (-151 + 243))?
-89
What is the value of 5 + 6 - 3 - (12 + 32 + 11)?
-47
Evaluate -14 - (-2 + -5) - (1 + -3 + -6).
1
Calculate 11 + -3 + -32 - -3 - (2 + 2 + 0).
-25
(-289 - -292) + (-5 - (-12 - 4) - 2)
12
Calculate 14 + 5 - 6 - 46 - -7.
-26
What is the value of -1 + (-21 - (-22 + -6)) - 122?
-116
Calculate (7 - -2) + (0 - 41 - (-40 + 48 + 0)).
-40
Calculate -23 - (21 + (0 - 45) + 2).
-1
Calculate (4 - (0 - 0) - -65) + (107 - 44 - 62).
70
What is the value of (43 - (-62 - -21)) + 21 - 14?
91
What is (2 - -1) + -221 + 235 + -35 + 90?
72
40 + -72 + 86 - 14
40
10 + (1 - (-10 - (43 + -18)))
46
Evaluate -35 - (-87 + 174 + -161).
39
What is the value of -12 - 22 - (3 - 15) - 24?
-46
Evaluate -13 + 17 + (-5 - (12 + -10)) - -59.
56
What is -3 + 4 + -2 + (9 - 8) + (0 - 1)?
-1
Calculate -99 + (79 - -16) + 0 + (-48 - 1) - -5.
-48
Calculate 7 + 17 + -17 + -25 + -4 + 78.
56
Evaluate (-13 - 7) + 47 + 15.
42
What is the value of (-7 - (-29 - (-17 + 10))) + 1 + -6?
10
Evaluate -49 + (-13 - -4) + 17.
-41
Evaluate 55 - (17 + -122) - 49.
111
Evaluate (2 - 1 - (49 + -38)) + 11.
1
Calculate 145 + -224 + -2 + -14 + 30.
-65
What is the value of 0 + 0 - (12 + (27 - 84) - -16)?
29
-52 - (105 + -30 + -11)
-116
Calculate (-65 + 65 - 39) + 77.
38
0 + 81 - ((-29 - -13 - 1) + 21)
77
Calculate (-17 - 0) + 0 + (8 - -13) + -11.
-7
Evaluate 19 + 7 - (-126 + 77) - (0 - 24).
99
Calculate 106 + -21 + 11 + 25.
121
Calculate -21 - (-82 - -21 - -13).
27
What is the value of 1 - -6 - ((26 + (-11 - -4) - 9) + 25)?
-28
Calculate 10 - (-32 + 40) - 28.
-26
What is the value of 42 + 12 + -17 + -15 + -7?
15
Calculate (84 - -3) + (2689 - 2835).
-59
What is the value of -15 - (30 - 12) - (-13 - 7)?
-13
What is -32 + (-2 - 11) + ((9 - 6) + -9 - -3)?
-48
What is 68 - (4 - 20 - -8) - (-18 + (-6 - -23))?
77
Calculate (22 - (20 + -28 - -48)) + 11.
-7
Calculate -1 + 11 - (-53 - (1 + -10 - (87 + -92))).
59
-43 - -42 - 12 - -40 - -28
55
Evaluate -28 - (18 - (-3 + 30)).
-19
Evaluate 7 + 0 - (106 - (-22 + 8 + 20)).
-93
Evaluate 48 - (-25 + (63 - -37)).
-27
What is the value of (7 - (5 - (-4 - 55)) - (-4 + -1)) + -4?
-56
What is the value of 33 - (25 + (10 - 8)) - (-1 + 41)?
-34
Evaluate (-31 - -19 - 48) + 76.
16
What is the value of -21 + 1 + 24 + -42 + -3 + 3 + -2?
-40
(22 - -13) + -4 - 21
10
Calculate 68 + (106 + -51 - 83).
40
What is (-149 - -303) + -92 + 23?
85
-24 - -54 - (-156 + 61)
125
Evaluate (-348 - -336) + (0 - -33) - 14.
7
What is the value of 319 - 317 - ((0 - -1) + -1) - 0?
2
-83 - (-40 + 127 - 163)
-7
Evaluate (386 - 355) + (-21 + 3 - 5).
8
Evaluate -6 - (61 + (-56 - -18)).
-29
What is 13 + -10 + (861 + -887 - (0 + 72))?
-95
Evaluate 8 - -5 - (78 - (23 + 135)).
93
Calculate (-15 - (-1 - -9)) + -79.
-102
Evaluate (-3 - 62) + 63 - 28.
-30
Calculate -53 - (-62 + 70 - 43).
-18
What is -2 + (31 - 32 - 64)?
-67
What is (45 + -35 + 16 - 151) + -6 + 8?
-123
Calculate -57 + 46 + -38 - 6.
-55
Evaluate (-10 - ((-23 - -27) + -12)) + 18 + 3.
19
Evaluate -6 + -14 + -19 + 12 + -4.
-31
Calculate -17 + 4 + -17 + (60 - 4).
26
(-23 - (-59 - -90)) + 30
-24
What is 67 + 37 - (19 - 9 - (1 + -6))?
89
What is the value of 48 + (-87 - -3) + -8?
-44
What is -52 + -84 + 11 + 141?
16
Calculate 171 + -164 + -8 + 22 - 57.
-36
Evaluate (11 - (81 - 38)) + -12.
-44
66 - -37 - -52 - ((35 - 37) + 12 + 0)
145
Evaluate (-8 - -1 - -4) + -31 + -6 + (5 - -8).
-27
What is -94 - -110 - (-2 - 5) - -8?
31
What is the value of 8 - (-5 + (13 - -6) + -40 - -14)?
20
Evaluate -60 - 1 - (-20 - 8).
-33
Evaluate (34 + (-33 - -19) - 11) + -54.
-45
Calculate 2 + (-2 + 1 - 2) + -32 - (4660 + -4667).
-26
Evaluate (-20 - 67) + 97 - (0 + (-33 - (-2 + 2))).
43
Calculate 190 + -156 - (-5 + -1 + (-2 - (2 - 0))).
44
(0 - 24) + 16 + -65 - -4
-69
What is 11 - (-8 + (-7 - -5)) - -19?
40
What is -95 - (-39 + (-39 - -13) + 70)?
-100
Evaluate -8 - ((23 - 8) + -31) - (-5 + 92).
-79
(6 + -3 - -22) + -145 + 133
13
What is 120 - (27 - (85 + -126))?
52
(-8 - -44) + (73 - 99)
10
Evaluate 2 + -46 - (-424 + 338).
42
What is -46 + -68 + 113 + (2 - -21)?
22
-8 - (3 - (-1 + 53 - (12 + -6)))
35
What is -99513 - -99506 - ((2 - (-2 + -26)) + 0)?
-37
(14 - 28 - (-8 + -1)) + -8 + 44
31
-4 + 0 + 9 + -113 + 114 + 9
15
What is (-97 - (41 - 137)) + (-3 - (-4 - -1) - 3)?
-4
-52 - (3 - (75 + -17)) - (-1 - (0 - -51))
55
Evaluate -51 + 87 + (-2 - ((0 - -1) + (66 - 57))).
24
Evaluate (-2 - 0) + (19 - (12 - (-25 - -14))).
-6
What is -97 + -21 + 45 + 34?
-39
What is -22 + (-47 - (28 + -33)) + -1 + 13?
-52
What is the value of 18 + (20 - (32 + -24 + 3))?
27
What is 10 - (48 + -40 + 57)?
-55
Calculate (88 - (41 + 16)) + 15.
46
What is -38 + -3 + 0 + (6 - 4 - 0) + -2?
-41
(-27 - 26 - -47) + 26 + 0
20
Calculate 4 - (53 + -2 + -79 + 94).
-62
Calculate 53 + -98 - (10 - (7 + 0 - (45 - 48))).
-45
(0 - 0 - -3) + (3423 - 3410)
16
Calculate 4 + (-5 - -21) + (1 - -4).
25
What is the value of -27 + 25 + (41 - 18)?
21
24 + (0 - 1) + -56 + (-5 - (4 - 3))
-39
What is the value of -51 + 91 + -131 - -94?
3
What is the value of -18 - ((1 - -16) + (-4 - (10 + (6 - 9))))?
-24
Calculate 58 + -15 + (27 - 106).
-36
Calculate 168 - 153 - (1 - 0) - (1 - -31).
-18
What is -1 - -104 - (-20 + (13 + -33 - -57))?
86
Calculate 26 + 42 + -23 + -28.
17
Evaluate -52 + 48 + (-19 - 13).
-36
-8413 + 8272 - (-5 - -3 - 18)
-121
-1